55
In base 4, what is -2 - -2?
0
In base 8, what is 3 - -763?
766
In base 7, what is -34 - -2026?
1662
In base 6, what is 2405 - 2?
2403
In base 8, what is -4 - -5441?
5435
In base 3, what is -11 - 11201001?
-11201012
In base 15, what is 1 - -6c?
6d
In base 5, what is 113 + 2?
120
In base 11, what is -2 + -174a?
-1751
In base 14, what is 7 - -1205?
120c
In base 9, what is -2 - -6203?
6201
In base 13, what is 29b9 + 0?
29b9
In base 8, what is 4447 - 13?
4434
In base 5, what is 40 - -21442?
22032
In base 4, what is -11002 + -113?
-11121
In base 10, what is 109 - 4?
105
In base 11, what is a27 + -1?
a26
In base 16, what is 263 + 5?
268
In base 7, what is 12 - -3?
15
In base 11, what is 0 - 1?
-1
In base 9, what is -42 - -51?
8
In base 2, what is 110 + -100?
10
In base 8, what is -255 - 1?
-256
In base 15, what is -3 + 184?
181
In base 12, what is 4 - 36?
-32
In base 8, what is 0 + 247?
247
In base 12, what is 11b5 - 4?
11b1
In base 5, what is 32 - -142?
224
In base 14, what is 3 - -4b8?
4bb
In base 2, what is 1000000010010 + 1?
1000000010011
In base 9, what is 0 - -167?
167
In base 9, what is 5 - 124?
-118
In base 5, what is -14 - -30?
11
In base 9, what is -46 - 26?
-73
In base 16, what is d00 - -4?
d04
In base 7, what is 3223 - 3?
3220
In base 6, what is -1111 - 1?
-1112
In base 3, what is 22212 - 100?
22112
In base 15, what is 14 + 58?
6c
In base 8, what is -2 + 210?
206
In base 14, what is 36 + -9?
2b
In base 7, what is -6 + 425?
416
In base 9, what is -5 - -362?
356
In base 12, what is 12 - -3?
15
In base 10, what is 1769 - 3?
1766
In base 5, what is -2 - 3214?
-3221
In base 5, what is 13 - 13?
0
In base 13, what is 0 - -4b8?
4b8
In base 11, what is -590 - 5?
-595
In base 12, what is -361a - -1?
-3619
In base 12, what is 56 - -3?
59
In base 14, what is -3 + 9?
6
In base 11, what is 3 - 92?
-8a
In base 13, what is 267a + 0?
267a
In base 11, what is -176 + 5?
-171
In base 16, what is -3 - -16?
13
In base 9, what is 3 - -4103?
4106
In base 5, what is -3 - -4133?
4130
In base 15, what is 3444 - 4?
3440
In base 15, what is -12 - -91?
7e
In base 12, what is -79 - 16?
-93
In base 4, what is 322 + 3?
331
In base 7, what is 1 + 45?
46
In base 11, what is 710 + -1?
70a
In base 5, what is -110 + -111?
-221
In base 14, what is 9c + -5?
97
In base 15, what is bc9 - 1?
bc8
In base 12, what is 76 - -2?
78
In base 5, what is 13 - -4?
22
In base 13, what is 73 + 5?
78
In base 5, what is -421 + -2?
-423
In base 11, what is 6 - 10aa?
-10a4
In base 2, what is 101 + -1010110000?
-1010101011
In base 12, what is -168 - 4?
-170
In base 6, what is -3015 - -4?
-3011
In base 3, what is 110001 - -11?
110012
In base 5, what is 41230 + -3?
41222
In base 12, what is -239a + 5?
-2395
In base 11, what is 4 - 33?
-2a
In base 13, what is -99 + 1a7?
10b
In base 7, what is -52 + -1?
-53
In base 12, what is 262 + 4?
266
In base 4, what is 12223 - 3?
12220
In base 9, what is -84 - -3?
-81
In base 5, what is -30003 - -2?
-30001
In base 14, what is 35 - 4?
31
In base 4, what is 3 - 11023?
-11020
In base 11, what is -1a13 + -4?
-1a17
In base 12, what is 11 - -1?
12
In base 2, what is 0 - -100001011?
100001011
In base 5, what is 1 + -140?
-134
In base 12, what is 2 + 279?
27b
In base 4, what is -221 + -1?
-222
In base 12, what is 22 - -26?
48
In base 2, what is 1011110 - -1?
1011111
In base 13, what is 263c - 4?
2638
In base 12, what is 4 + 225?
229
In base 13, what is -3278 - 3?
-327b
In base 4, what is -30 - 32?
-122
In base 3, what is 11 + 101101?
101112
In base 14, what is 3 + 376d?
3772
In base 2, what is 101 - -11010?
11111
In base 14, what is 3 - 104?
-101
In base 9, what is 0 + 233?
233
In base 14, what is 12 - 0?
12
In base 3, what is -212000 - -110?
-211120
In base 5, what is -41 + -1?
-42
In base 14, what is 3c + -4?
38
In base 14, what is -2300 - 5?
-2305
In base 6, what is -3522 + -1?
-3523
In base 10, what is 0 + 6585?
6585
In base 10, what is -1859 + 3?
-1856
In base 6, what is 534 - 41?
453
In base 13, what is -1316 + -4?
-131a
In base 6, what is 43 - -13?
100
In base 3, what is -110222211 + -12?
-111000000
In base 13, what is 14a + 2?
14c
In base 5, what is 10 - 101?
-41
In base 11, what is 83a1 - 1?
83a0
In base 16, what is 63 + 5?
68
In base 6, what is -5 - -1521?
1512
In base 10, what is -4 - 25?
-29
In base 12, what is -3a4 - a?
-3b2
In base 15, what is 75 - 25?
50
In base 4, what is 3 - 1322313?
-1322310
In base 11, what is 34 + 72?
a6
In base 9, what is 11 - 115?
-104
In base 11, what is -163 + -9?
-171
In base 10, what is 11 - -11?
22
In base 12, what is 2 - 26?
-24
In base 15, what is 199 + 3?
19c
In base 15, what is 17 - b?
b
In base 2, what is -110 + -1100?
-10010
In base 3, what is -101210 - 0?
-101210
In base 8, what is -4 - -4210?
4204
In base 16, what is 4 + -c03?
-bff
In base 8, what is -36 + -1276?
-1334
In base 7, what is 3230 - -5?
3235
In base 16, what is 8 + 1?
9
In base 14, what is 3 + 245?
248
In base 6, what is 124 - 0?
124
In base 15, what is 5 + 41?
46
In base 16, what is 5f - 2f?
30
In base 7, what is 5 - -1035?
1043
In base 6, what is -10 + -233?
-243
In base 2, what is -1011010 - 0?
-1011010
In base 11, what is 2 - -113?
115
In base 14, what is 100 + 5?
105
In base 15, what is 4 + -4?
0
In base 5, what is 12 - -241?
303
In base 11, what is -58 + -1?
-59
In base 2, what is 110 + -1111101?
-1110111
In base 6, what is 1044 - -42?
1130
In base 4, what is -23 - 123?
-212
In base 4, what is -101 - -30?
-11
In base 12, what is 123 - 6?
119
In base 4, what is 3013122 - -10?
3013132
In base 3, what is 11200 + -10202?
221
In base 15, what is -4 - 233?
-237
In base 12, what is 4 + -678?
-674
In base 11, what is -177 + 3?
-174
In base 5, what is -13 + 20?
2
In base 14, what is 15 + 1?
16
In base 8, what is 3 - -125?
130
In base 4, what is 333 + -1001?
-2
In base 10, what is -1888 - -1?
-1887
In base 14, what is 1431 - 0?
1431
In base 10, what is 5 + -853?
-848
In base 5, what is 0 + 4?
4
In base 10, what is 28 + -41?
-13
In base 3, what is -2120 + 10?
-2110
In base 2, what is 1110001 - -101?
1110110
In base 2, what is 0 + -111001010?
-111001010
In base 9, what is -54 - -7?
-46
In base 7, what is -1400 + -13?
-1413
In base 14, what is 165 - 44?
121
In base 2, what is 11111011011010 + -10?
11111011011000
In base 16, what is 201 - 6?
1fb
In base 16, what is 1c - -7?
23
In base 9, what is -1 + 558?
557
In base 9, what is -7 - 3377?
-3385
In base 13, what is 555 + 6?
55b
In base 4, what is -133 - 302?
-1101
In base 12, what is -709 + -2?
-70b
In base 7, what is 13 + -25?
-12
In base 10, what is -757 - 16?
-773
In base 8, what is -24063 - 3?
-24066
In base 2, what is 0 - 10000010?
-10000010
In base 9, what is 14017 + -2?
14015
In base 5, what is 4 - 312?
-303
In base 15, what is -d + -12?
-20
In base 8, what is 0 + -55?
-55
In base 4, what is -3 - -1312?
1303
In base 10, what is -230 + -1?
-231
In base 13, what is 19 + -6?
13
In base 11, what is 1633 + 3?
1636
In base 5, what is 20044 + 0?
20044
In base 11, what is 122 + -1?
121
In base 16, what is 1 - -4d5?
4d6
In base 12, what is 3 - -681?
684
In base 8, what is 1571 - 0?
1571
In base 16, what is 0 + 1fb?
1fb
In base 6, what is 0 - -234?
234
In base 7, what is -33 + -132?
-165
In base 10, what is 3 + 87?
90
In base 11, what is -7a + -8?
-87
In base 3, what is 2100 + -1111?
212
In base 14, what is -829 - -1?
-828
In base 3, what is 110011 + -121?
102120
In base 15, what is 13 + -3?
10
In base 6, what is -2 - 3134?
-3140
In base 8, what is -4 + 6546?
6542
In base 6, what is 455 + -35?
420
In base 4, what is 1 + -100?
-33
In base 9, what is -30 - -3?
-26
In base 6, what is -20454 + -5?
-20503
In base 11, what is -6119 + 1?
-6118
In base 16, what is -17 + 2?
-15
In base 10, what is -1 - -156?
155
In base 11, what is 413 + -17?
3a7
In base 5, what is 320240 + 1?
320241
In base 13, what is -23 + 1b?
-5
In base 14, what is -3548 - 4?
-354c
In base 5, what is 342 + -2?
340
In base 16, what is 30 + 3?
33
In base 12, what is -4 + 1212?
120a
In base 7, what is 5 + -446?
-441
In base 16, what is 1 - 19?
-18
In base 9, what is 647 - -3?
651
In base 8, what is 4624 - -3?
4627
In base 12, what is -5 - 1373?
-1378
In base 12, what is -37 - 0?
-37
In base 13, what is 2 + 772?
774
In base 6, what is -21 + -52?
-113
In